1001100111001
In base 8, what is 3512 + -1?
3511
In base 14, what is 4 - -40a?
410
In base 8, what is 552 - 5007?
-4235
In base 6, what is -13052 + 1030?
-12022
In base 8, what is -127 - 41667?
-42016
In base 15, what is 9e + 598?
647
In base 14, what is -2 - -841a4?
841a2
In base 16, what is -1 + -c6fe?
-c6ff
In base 5, what is -24100 - -21?
-24024
In base 7, what is 141232 + -101?
141131
In base 15, what is 13 - 1006b?
-10058
In base 13, what is -68b + -1a?
-6a8
In base 12, what is -269aa - 1?
-269ab
In base 16, what is 424 - 247?
1dd
In base 15, what is -1b1ba1 + 5?
-1b1b9b
In base 5, what is 4 - -121243?
121302
In base 16, what is ac + -14d4?
-1428
In base 4, what is -202303110 - 10?
-202303120
In base 10, what is 3344 + 33?
3377
In base 16, what is -1e3 - -65?
-17e
In base 15, what is -1074 + -113?
-1187
In base 5, what is -33233 + 11?
-33222
In base 3, what is 1012 + 100100?
101112
In base 5, what is 131 + -4142330?
-4142144
In base 2, what is 1 + 100110000010011?
100110000010100
In base 2, what is 1011100101111101001 - 110?
1011100101111100011
In base 6, what is -4 + 151110?
151102
In base 15, what is 10d55 + 11?
10d66
In base 10, what is 6 - -4098?
4104
In base 6, what is 1 + -203025?
-203024
In base 16, what is -1cd8 + -145?
-1e1d
In base 15, what is -d9 - e5?
-1ce
In base 10, what is 10 + 445?
455
In base 9, what is 3528 + -4?
3524
In base 9, what is -433 - -314?
-118
In base 15, what is -b795c + -2?
-b795e
In base 3, what is -2101 - -1111?
-220
In base 11, what is -14716 - 13?
-14729
In base 10, what is 31 - 97098?
-97067
In base 10, what is 0 + 800492?
800492
In base 7, what is 3 + -155530?
-155524
In base 6, what is 15 - 352?
-333
In base 8, what is 10 + -4?
4
In base 14, what is -28694 - 3?
-28697
In base 13, what is -175498 + -3?
-17549b
In base 3, what is 220 + 102120212?
102121202
In base 9, what is -57 - -1268?
1211
In base 9, what is 470784 + -5?
470778
In base 7, what is 2623654 - -3?
2623660
In base 6, what is 4302 + 15433?
24135
In base 10, what is 468892 + 2?
468894
In base 6, what is 2 + -423545?
-423543
In base 9, what is -1685 + 30?
-1655
In base 2, what is 10 + -10000100101000000100?
-10000100101000000010
In base 9, what is 251 + -1353?
-1102
In base 9, what is 54 - 6877?
-6823
In base 5, what is 12323 + -1103?
11220
In base 6, what is 5 - 112554?
-112545
In base 12, what is -58 - 6328?
-6384
In base 14, what is -3 - 1ca252?
-1ca255
In base 3, what is 22212 - -20110002?
20202221
In base 2, what is -1011011 - -10001010100010?
10001001000111
In base 7, what is -216030 - 36?
-216066
In base 16, what is -5 - 3fbdb?
-3fbe0
In base 6, what is -1535454 + -4?
-1535502
In base 9, what is 3 - 50414?
-50411
In base 8, what is -43472700 - 2?
-43472702
In base 10, what is -1 + 1808?
1807
In base 2, what is 10 + -10100010110000?
-10100010101110
In base 14, what is -5 + -7a04?
-7a09
In base 2, what is 100 - 11010001101001100?
-11010001101001000
In base 12, what is -1a - -6707?
66a9
In base 12, what is -3 - 9963?
-9966
In base 9, what is -128666 - 12?
-128678
In base 15, what is -2261 - -b?
-2255
In base 4, what is 20 + -2112312?
-2112232
In base 12, what is 2 + -128?
-126
In base 15, what is -1 - 1d94c2?
-1d94c3
In base 16, what is -21 + -55c?
-57d
In base 5, what is 32130 + 3024?
40204
In base 13, what is -12 - -1236?
1224
In base 14, what is -11da + 23?
-11b7
In base 8, what is -132433 - 4?
-132437
In base 12, what is a26a - -a?
a278
In base 8, what is 1 + -255115?
-255114
In base 10, what is 3 + -14021?
-14018
In base 12, what is 135286 - 4?
135282
In base 7, what is -4415053 - -10?
-4415043
In base 3, what is -1120122 - 12?
-1120211
In base 6, what is -1 - 4311502?
-4311503
In base 13, what is 256 + -84?
1a2
In base 15, what is -4 + -c907?
-c90b
In base 13, what is 1274217 - 2?
1274215
In base 6, what is 44010 + 5?
44015
In base 15, what is 20 + 2072?
2092
In base 4, what is -310 + 21221121?
21220211
In base 4, what is 132032301 + 3?
132032310
In base 8, what is 166342 - -1?
166343
In base 16, what is 4 - 9299?
-9295
In base 3, what is 111020010121 - 101?
111020010020
In base 9, what is 5 + 1174213?
1174218
In base 12, what is 20 - -19022?
19042
In base 12, what is -199 + 23a1?
2204
In base 5, what is -44041 + 10311?
-33230
In base 4, what is -12101 + -100?
-12201
In base 3, what is -1110 + 12201001111?
12201000001
In base 6, what is -2 - -23404?
23402
In base 8, what is -114 - -1110?
774
In base 9, what is 473468 + -5?
473463
In base 6, what is 510513 + 1?
510514
In base 5, what is -23302 - 11114?
-34421
In base 4, what is 221 + 10223101?
10223322
In base 3, what is 202100 - 122100?
10000
In base 2, what is -111100111 + -11101100?
-1011010011
In base 10, what is -5 - -8314?
8309
In base 2, what is 1111101010111000101 - -101?
1111101010111001010
In base 15, what is 0 + -12b17?
-12b17
In base 12, what is 2 - 16887?
-16885
In base 15, what is -3 + -13bb1?
-13bb4
In base 11, what is 11 - 146?
-135
In base 2, what is 10010000 - -1000001111?
1010011111
In base 10, what is -228 + 17?
-211
In base 8, what is -4 - -14321?
14315
In base 5, what is -131230 + 31?
-131144
In base 9, what is -2231 + -2034?
-4265
In base 4, what is -101 - -23131?
23030
In base 11, what is 59721 + 72?
59793
In base 10, what is -5597 - -6?
-5591
In base 8, what is 226 - -7733?
10161
In base 14, what is 3cd6 - -70?
3d66
In base 2, what is 101 - 111011000000010?
-111010111111101
In base 4, what is -1023022 - 33?
-1023121
In base 13, what is 3 + 1cc3?
1cc6
In base 4, what is -2 - -3233323210?
3233323202
In base 14, what is 3b - 388?
-34b
In base 3, what is 210 + -1221101212?
-1221101002
In base 16, what is 1 + b0c28?
b0c29
In base 10, what is 10852 - 34?
10818
In base 15, what is d + -26a?
-25c
In base 9, what is -371 - -5803?
5422
In base 16, what is -4e81 + 3?
-4e7e
In base 6, what is 14505023 + -2?
14505021
In base 11, what is -59 + -1495?
-1543
In base 15, what is 16a - -e0?
25a
In base 13, what is 76a - 84?
6b6
In base 14, what is 25 + -a80?
-a59
In base 4, what is 133 + -110301?
-110102
In base 8, what is 1035320 + 4?
1035324
In base 3, what is -112122 + 100020?
-12102
In base 2, what is 11001111011101001 + -100?
11001111011100101
In base 8, what is 51122 + -4?
51116
In base 8, what is -105 + 5153?
5046
In base 11, what is 76 + -5a?
17
In base 10, what is -7 - 2209?
-2216
In base 11, what is -5 - -27550?
27546
In base 15, what is -5ba5a - -7?
-5ba53
In base 3, what is -1020010100 + -211?
-1020011011
In base 8, what is -4 - 1447717?
-1447723
In base 2, what is 10100111100 - 110101?
10100000111
In base 11, what is 5 - aa147?
-aa142
In base 9, what is -350 + -84?
-444
In base 5, what is 10 - -400034?
400044
In base 3, what is 1202201101 + 11?
1202201112
In base 10, what is 49593 - -37?
49630
In base 3, what is -2121 - 10122012?
-10201210
In base 2, what is 1 - 101011010111000?
-101011010110111
In base 11, what is 2 + -1a175?
-1a173
In base 10, what is -304 + 4?
-300
In base 12, what is 2b9a - 66?
2b34
In base 8, what is -5 - -3367?
3362
In base 9, what is -5 - -731763?
731757
In base 2, what is 1 + -111100101011111010100?
-111100101011111010011
In base 7, what is -4645 - 1142?
-6120
In base 4, what is -102 - -13130322?
13130220
In base 9, what is -1 + 1330?
1328
In base 3, what is -1101002110 - -100?
-1101002010
In base 7, what is -303 + 60354?
60051
In base 16, what is -b - 1727?
-1732
In base 7, what is 25 - -346?
404
In base 2, what is -1010 - -10001010000010000?
10001010000000110
In base 11, what is -5 + 1a0921?
1a0917
In base 5, what is 34 + -124223?
-124134
In base 15, what is 17 - -1d23?
1d3a
In base 11, what is 22aa4a + -1?
22aa49
In base 7, what is 202 + 54?
256
In base 4, what is -22113332 - 11?
-22120003
In base 12, what is -1 - -7092?
7091
In base 6, what is 3 + 42344?
42351
In base 16, what is 161 - 134?
2d
In base 12, what is -18 + -45a95?
-45ab1
In base 12, what is -3a1 + 18?
-385
In base 10, what is 302 + 1972?
2274
In base 14, what is 3b516 + 1?
3b517
In base 15, what is -3 + -17e33b?
-17e33e
In base 13, what is 6b6 + 14?
6ca
In base 8, what is 25051 - 11?
25040
In base 15, what is -3e55 - c?
-3e62
In base 11, what is -a - -16409?
163aa
In base 12, what is -1 + 387247?
387246
In base 2, what is -100001111110100000 + 1110?
-100001111110010